0).
2282
Let n(w) = -13*w**2 - 2183*w + 580. Determine n(-168).
412
Let i(l) = -l**2 - 42*l + 1542. Give i(-52).
1022
Let q(y) = -y**3 + 10*y**2 - 99*y + 388. Give q(5).
18
Let j(w) = 2*w**3 + 14*w**2 - 3459*w - 20850. What is j(-6)?
-24
Let l(m) = -6*m**3 - 193*m**2 + 340*m - 895. Calculate l(-34).
261
Let f(q) = -7552*q + 37763. Determine f(5).
3
Let r(n) = n**3 + 5*n**2 - 36*n - 26. Give r(5).
44
Let h(r) = r**3 - 9*r**2 + 3566*r + 14444. What is h(-4)?
-28
Let h(r) = 4*r - 390. Determine h(23).
-298
Let b(v) = 3*v**3 + 1681*v**2 - 1136*v - 7871. Calculate b(-561).
-17
Let d(t) = t**3 + 224*t**2 + 873*t - 7. Determine d(-4).
21
Let c(z) = 4*z**2 + 1087*z + 12451. Calculate c(-12).
-17
Let y(o) = o**2 + 551*o - 62179. Give y(96).
-67
Let k(n) = -258*n + 30968. Calculate k(120).
8
Let t(u) = 14*u**3 + 377*u**2 - 1507*u - 35. What is t(4)?
865
Let b(u) = -2*u**3 - 159*u**2 + 25*u - 4392. Calculate b(-80).
8
Let c(i) = 4*i**2 + 952*i + 6505. Calculate c(-7).
37
Let f(v) = 21*v**2 + 29431*v + 11. Calculate f(0).
11
Let v(y) = 2580*y + 6815. Give v(-3).
-925
Let m(i) = i**3 + 8*i**2 - i + 69. Determine m(-11).
-283
Let y(i) = 2*i**3 + 19*i**2 - 65*i - 36. Give y(-14).
-890
Let y(j) = -17*j**2 - 7681*j - 29126. Determine y(-448).
-6
Let t(u) = 105*u**2 + 3774*u + 1014. Give t(-36).
1230
Let s(f) = -9387*f**3 + 131416*f**2 + 20*f + 76. Give s(14).
-36
Let j(z) = z**2 + 4411*z + 333750. What is j(-77)?
32
Let i(b) = -2573*b + 380809. Give i(148).
5
Let r(s) = 4755*s + 113535. Determine r(-24).
-585
Let i(j) = j**3 + 362*j**2 - 1098*j - 1175. Determine i(-365).
-80
Let a(g) = -217*g + 1238. Calculate a(4).
370
Let z(i) = 20*i**2 - 2481*i - 18192. What is z(131)?
17
Let y(i) = i**3 - 140*i**2 + 117*i + 40379. What is y(137)?
101
Let t(a) = -17*a**3 - 616*a**2 - 40*a + 3753. Determine t(-36).
9
Let n(f) = 587079*f + 7044959. Determine n(-12).
11
Let s(l) = l**2 + 264*l - 266666. Calculate s(-665).
-1
Let w(b) = -110152*b - 1542134. Give w(-14).
-6
Let z(x) = 10*x**2 - 693*x - 211929. Give z(-115).
16
Let a(g) = -g**3 + 1296*g**2 - 10410*g + 136529. What is a(1288)?
1
Let x(p) = -p**2 - 3661*p - 18283. Give x(-5).
-3
Let d(s) = -5*s**3 - 116*s**2 - 460*s - 10046. Determine d(-23).
5
Let j(w) = 16*w**3 - 4*w + 1. What is j(2)?
121
Let w(y) = -6*y**3 - 32*y**2 - 107*y - 94. Calculate w(-3).
101
Let q(d) = d**3 + 38*d**2 + 16*d - 3111. What is q(-35)?
4
Let u(c) = -2*c**3 + 147*c**2 - 70*c + 92. Calculate u(73).
311
Let g(m) = -m**2 + 517*m + 91208. Determine g(-139).
24
Let a(b) = -b**3 - 55*b**2 - 150*b - 161. Calculate a(-52).
-473
Let l(n) = 70*n**2 - 28*n. Determine l(-2).
336
Let a(r) = -r**3 - 84*r**2 - 2110*r - 16517. Calculate a(-17).
-10
Let n(q) = -2*q**2 - 896*q - 97337. Determine n(-263).
-27
Let v(i) = -2*i**2 - 8435*i + 33734. Determine v(4).
-38
Let u(m) = -2*m**2 + 870*m + 162515. What is u(-141)?
83
Let m(j) = j**2 - 73*j - 24548. Determine m(202).
1510
Let l(v) = 93*v**2 - 405*v + 438. Calculate l(2).
0
Let a(z) = -3*z**3 + 88*z**2 - 254*z - 154. What is a(26)?
2
Let y(g) = -6*g**3 - 221*g**2 - 130*g - 6251. Determine y(-37).
-72
Let r(h) = 142*h**3 - 17325*h**2 + 119*h + 392. What is r(122)?
26
Let b(w) = w**3 + 34*w**2 + 163*w - 216. Calculate b(-21).
2094
Let a(n) = 1888*n - 190792. Give a(101).
-104
Let z(t) = 3*t**3 - 87*t**2 + 163*t - 2194. Give z(28).
18
Let d(l) = -64*l**2 + 1919*l + 66. Determine d(30).
36
Let u(v) = -v**3 - 13*v**2 - 2531*v - 35643. Give u(-14).
-13
Let c(m) = 9*m**2 + 381*m + 20. What is c(-5)?
-1660
Let o(z) = z**2 + 258*z + 14064. What is o(-180)?
24
Let h(a) = -24*a**3 + 4536*a**2 - a + 184. What is h(189)?
-5
Let b(d) = -2*d**3 - 28*d**2 + 12*d + 103. Determine b(-10).
-817
Let l(m) = -14*m**2 - 147*m + 69. Give l(-13).
-386
Let y(s) = 3*s**2 - 5889*s + 41087. What is y(7)?
11
Let b(y) = -4217*y - 21273. Calculate b(-5).
-188
Let j(z) = -1029*z - 7285. Calculate j(-7).
-82
Let s(m) = -m**3 - 68*m**2 - 6*m + 6190. Determine s(-66).
-2126
Let o(f) = -f**3 + 8*f**2 + 2050*f - 16398. Determine o(8).
2
Let x(u) = 29*u**3 - 4668*u**2 - 333*u + 27697. Give x(161).
5
Let u(i) = -5*i**3 - 6*i**2 + 181*i + 872. What is u(-5)?
442
Let o(x) = x**3 - 1218*x**2 - 2855*x - 986564. What is o(1221)?
4
Let q(k) = 335*k - 4760. What is q(14)?
-70
Let n(v) = v**3 + 67*v**2 + 852*v - 37. Calculate n(-50).
-137
Let m(v) = 3*v**2 + 11*v + 60. Determine m(-3).
54
Let u(x) = 2875*x - 41541. Calculate u(15).
1584
Let l(m) = -4*m**3 + 4*m**2 + 62*m + 116. What is l(-2)?
40
Let t(c) = 33*c - 3263. What is t(58)?
-1349
Let s(u) = 9*u**2 + 3495*u + 17492. Calculate s(-5).
242
Let c(d) = d**3 + 14*d**2 - 30*d + 11. Determine c(-16).
-21
Let w(u) = -67*u + 9727. What is w(149)?
-256
Let b(k) = -95*k**2 - 25678*k - 7568. Determine b(-270).
-8
Let g(t) = 16*t**2 - 1185*t + 11147. Determine g(63).
-4
Let w(p) = -3*p**3 + 32*p**2 - 24*p + 1. What is w(10)?
-39
Let t(x) = -x**3 + 184*x**2 + 755*x + 12. Calculate t(-4).
0
Let b(w) = -87058*w + 522366. Determine b(6).
18
Let j(c) = -1446*c**2 + 8662*c + 77. Calculate j(6).
-7
Let f(z) = 2*z**3 + 48*z**2 - 11*z + 111. What is f(-24)?
375
Let m(q) = q**3 - 141*q**2 - 15909*q + 66. Give m(-74).
-8
Let y(h) = -h**2 - 232*h - 11602. Give y(-163).
-355
Let c(h) = h**2 - 53*h + 20. Determine c(52).
-32
Let o(d) = 2*d**2 - 102*d - 2354. Give o(76).
1446
Let f(d) = 1465516*d - 8793107. What is f(6)?
-11
Let b(u) = 12*u - 109. Calculate b(41).
383
Let z(d) = -208*d - 14980. What is z(-72)?
-4
Let f(x) = -31372*x + 157101. Calculate f(5).
241
Let v(g) = -32*g**2 - 694*g - 468. What is v(-21)?
-6
Let d(k) = 310834*k - 1864959. Give d(6).
45
Let i(g) = -1827*g + 21274. Determine i(13).
-2477
Let j(u) = 703*u + 3912. Calculate j(-6).
-306
Let u(v) = -11079*v - 89444. Give u(-8).
-812
Let n(d) = -265369*d + 796231. Determine n(3).
124
Let f(w) = -2*w**3 + 106*w**2 + 343*w - 36010. Calculate f(49).
5
Let b(d) = 4*d**3 - 1462*d**2 - 626*d - 38807. Determine b(366).
-11
Let u(s) = -887*s - 773. Determine u(-2).
1001
Let g(w) = -11836*w + 153870. Give g(13).
2
Let d(s) = 74*s**2 - 1556*s - 18. Calculate d(21).
-60
Let j(w) = 147*w - 10429. Calculate j(60).
-1609
Let p(c) = 4*c**2 - 1755*c - 25182. What is p(-14)?
172
Let q(w) = -3108*w + 9377. Determine q(3).
53
Let b(s) = -2*s**3 - s**2 - 41*s - 1271. Give b(0).
-1271
Let m(z) = -z**2 - 180*z - 10191. Determine m(-72).
-2415
Let a(d) = -2*d**3 - 98*d**2 + 549*d - 6109. Calculate a(-55).
-4
Let k(z) = 3*z**3 - 23*z**2 + 70*z - 189. Calculate k(7).
203
Let w(p) = 481*p**2 - 7242*p - 79. What is w(15)?
-484
Let p(d) = -17*d**2 + 971*d - 7919. Calculate p(8).
-1239
Let p(i) = -254*i**3 - 4*i**2 + 4*i - 5. Determine p(2).
-2045
Let d(w) = w**3 + 308*w**2 - 3253*w - 909695. Determine d(-309).
1
Let y(f) = 2*f**3 + 214*f**2 + 292*f + 8436. What is y(-106)?
-44
Let j(t) = 10340*t + 82738. Calculate j(-8).
18
Let n(y) = -y**3 - 92*y**2 + 822*y - 158. Determine n(8).
18
Let j(v) = -3*v**3 + 16*v**2 + 73*v - 368. Give j(6).
-2
Let h(j) = 1920*j**2 + 53748*j + 55. What is h(-28)?
391
Let z(w) = 3*w**3 + 5*w**2 + 88*w + 33. Give z(-7).
-1367
Let l(a) = -a**3 - 84*a**2 - 2922*a - 10421. What is l(-4)?
-13
Let c(u) = 9*u**2 - 1884*u + 2483. Give c(208).
-13
Let f(o) = -348*o**2 - 3793*o + 391. Determine f(-11).
6
Let s(f) = -45*f**2 - 518*f + 257. What is s(-16)?
-2975
Let v(g) = -3094*g**2 + 575479*g + 924. Calculate v(186).
-6
Let a(h) = -h**3 + 175*h**2 - 5194*h - 614. What is a(38)?
-158
Let h(k) = 28574*k - 428617. Give h(15).
-7
Let b(u) = -2*u**2 + 299*u + 31841. Give b(-74).
-1237
Let c(t) = t**3 + 62*t**2 - 1010*t - 2630. Determine c(-75).
-5
Let a(w) = -178*w + 28139. Calculate a(158).
15
Let h(y) = y**3 - 307*y**2 + 1172*y + 11983. Calculate h(303).
-137
Let x(c) = -c**3 - 51*c**2 - 22*c - 4459. What is x(-52)?
-611
Let p(r) = 7*r**2 - 1043*r + 7833. Determine p(141).
-63
Let g(q) = q**3 - 268*q**2 + 706*q + 92409. Give g(264).
9
Let z(y) = -y**3 - 63*y**2 - 28*y - 1114. Calculate z(-63).
650
Let i(k) = -k**2 + 126*k - 3471. What is i(79)?
242
Let j(m) = -m**2 + 125*m - 3284. What is j(70)?
566
Let l(u) = -u**3 + 843*u**2 - 830*u - 9984. What is l(842)?
120
Let v(t) = t**3 + 15*t**2 + 542*t + 2956. Determine v(-6).
28
Let p(z) = -18*z**2 - 476*z - 133. What is 